{"id":85,"date":"2025-08-29T17:24:23","date_gmt":"2025-08-29T15:24:23","guid":{"rendered":"https:\/\/cheminhormonal.fr\/?page_id=85"},"modified":"2026-03-29T13:08:16","modified_gmt":"2026-03-29T11:08:16","slug":"tarifs-services","status":"publish","type":"page","link":"https:\/\/cheminhormonal.fr\/index.php\/tarifs-services\/","title":{"rendered":"\ud83d\udcb0 Tarifs &#038; Services"},"content":{"rendered":"\n<!-- D\u00e9but de bouton itiaki -->\n<style>\n.btn-itiaki { padding:0.8em; color:#ffffff; background:#02abe4; border-radius:0.4em; } \n.btn-itiaki:hover { background:#008dc6; color:#ffffff; }\n<\/style>\n<a href=\"https:\/\/rdv.itiaki.com\/tassadit-chemali\" title=\"Prendre rendez-vous en ligne\" class=\"btn-itiaki\" target=\"_blank\">Prendre rendez-vous<\/a>\n<!-- Fin de bouton itiaki -->\n\n\n\n<h2 class=\"wp-block-heading\"><strong>Grille Tarifaire \u2013 Consultations en Nutrition Fonctionnelle et Naturopathie<\/strong><\/h2>\n\n\n\n<p>Je vous propose plusieurs formules d\u2019accompagnement selon vos besoins et votre rythme. Les s\u00e9ances sont con\u00e7ues pour vous offrir un espace d\u2019\u00e9coute, de conseil et d\u2019\u00e9volution en profondeur.<\/p>\n\n\n\n<h3 class=\"wp-block-heading\"><strong>1. S\u00e9ance \u00e0 l\u2019unit\u00e9 \u2013&nbsp;<\/strong> <strong>60\u20ac<\/strong><\/h3>\n\n\n\n<p><strong>Dur\u00e9e : 1h30<\/strong><\/p>\n\n\n\n<p>Id\u00e9ale pour une premi\u00e8re rencontre ou pour un besoin ponctuel. Elle permet d\u2019explorer vos besoins actuels et d\u2019initier un premier plan d\u2019action personnalis\u00e9.<\/p>\n\n\n\n<h3 class=\"wp-block-heading\"><strong>2. Pack 4 s\u00e9ances \u2013&nbsp;<\/strong> <strong>220\u20ac<\/strong><\/h3>\n\n\n\n<p>Ce pack permet de construire un accompagnement coh\u00e9rent dans la dur\u00e9e. Il est adapt\u00e9 si vous souhaitez initier un travail approfondi sur votre sant\u00e9 hormonale, votre fertilit\u00e9 ou votre hygi\u00e8ne de vie globale.<\/p>\n\n\n\n<h3 class=\"wp-block-heading\"><strong>3. Pack 8 s\u00e9ances \u2013&nbsp;<\/strong> <strong>440\u20ac<\/strong><\/h3>\n\n\n\n<p>Une formule compl\u00e8te pour un accompagnement au long cours, personnalis\u00e9, \u00e9volutif et ajust\u00e9 \u00e0 votre rythme. Parfait dans le cadre d\u2019un projet b\u00e9b\u00e9, d\u2019un r\u00e9\u00e9quilibrage hormonal ou de troubles chroniques.<\/p>\n\n\n\n<hr class=\"wp-block-separator has-alpha-channel-opacity\"\/>\n\n\n\n<p>Chaque s\u00e9ance est individuelle et personnalis\u00e9e, bas\u00e9e sur une approche fonctionnelle. Vous repartez avec un plan d\u2019action clair et progressif \u00e0 chaque \u00e9tape.<\/p>\n","protected":false},"excerpt":{"rendered":"<p>Prendre rendez-vous Grille Tarifaire \u2013 Consultations en Nutrition Fonctionnelle et Naturopathie Je vous propose plusieurs formules d\u2019accompagnement selon vos besoins et votre rythme. Les s\u00e9ances sont con\u00e7ues pour vous offrir un espace d\u2019\u00e9coute, de conseil et d\u2019\u00e9volution en profondeur. 1. S\u00e9ance \u00e0 l\u2019unit\u00e9 \u2013&nbsp; 60\u20ac Dur\u00e9e : 1h30 Id\u00e9ale pour une premi\u00e8re rencontre ou pour [&hellip;]<\/p>\n","protected":false},"author":1,"featured_media":0,"parent":0,"menu_order":0,"comment_status":"closed","ping_status":"closed","template":"","meta":{"footnotes":""},"class_list":["post-85","page","type-page","status-publish","hentry"],"_links":{"self":[{"href":"https:\/\/cheminhormonal.fr\/index.php\/wp-json\/wp\/v2\/pages\/85","targetHints":{"allow":["GET"]}}],"collection":[{"href":"https:\/\/cheminhormonal.fr\/index.php\/wp-json\/wp\/v2\/pages"}],"about":[{"href":"https:\/\/cheminhormonal.fr\/index.php\/wp-json\/wp\/v2\/types\/page"}],"author":[{"embeddable":true,"href":"https:\/\/cheminhormonal.fr\/index.php\/wp-json\/wp\/v2\/users\/1"}],"replies":[{"embeddable":true,"href":"https:\/\/cheminhormonal.fr\/index.php\/wp-json\/wp\/v2\/comments?post=85"}],"version-history":[{"count":7,"href":"https:\/\/cheminhormonal.fr\/index.php\/wp-json\/wp\/v2\/pages\/85\/revisions"}],"predecessor-version":[{"id":498,"href":"https:\/\/cheminhormonal.fr\/index.php\/wp-json\/wp\/v2\/pages\/85\/revisions\/498"}],"wp:attachment":[{"href":"https:\/\/cheminhormonal.fr\/index.php\/wp-json\/wp\/v2\/media?parent=85"}],"curies":[{"name":"wp","href":"https:\/\/api.w.org\/{rel}","templated":true}]}}